base 7) to base 16
-2fae
What is -44647 (base 8) in base 6?
-223143
What is -304 (base 15) in base 3?
-221011
-11110010101 (base 2) to base 14
-9c9
-100000010111 (base 2) to base 6
-13331
13000 (base 4) to base 5
3243
11324 (base 6) to base 14
84c
What is 92 (base 16) in base 11?
123
What is -102 (base 15) in base 12?
-16b
-416 (base 7) to base 11
-180
What is -31330 (base 4) in base 14?
-47a
Convert 220011 (base 6) to base 8.
43347
What is -436 (base 7) in base 6?
-1011
-101145 (base 8) to base 12
-17399
Convert 427 (base 16) to base 9.
1411
What is -12310 (base 5) in base 7?
-2533
10111101110111 (base 2) to base 10
12151
Convert -487 (base 15) to base 13.
-610
-14330 (base 5) to base 11
-a05
111101010 (base 2) to base 6
2134
Convert bb3 (base 16) to base 3.
11002221
What is 122137 (base 9) in base 14?
1cc36
35232 (base 6) to base 3
20221102
Convert 603 (base 9) to base 10.
489
4244 (base 5) to base 15
284
747 (base 10) to base 15
34c
What is -2222012 (base 4) in base 8?
-25206
-44 (base 9) to base 7
-55
Convert 217e (base 16) to base 7.
33666
What is 3124 (base 7) in base 13?
664
What is 10138 (base 10) in base 7?
41362
What is -344 (base 11) in base 7?
-1125
-d5a (base 16) to base 8
-6532
Convert 608 (base 10) to base 2.
1001100000
What is -30201 (base 4) in base 12?
-569
What is 25446 (base 9) in base 10?
17133
-313 (base 5) to base 3
-10002
What is 1db8 (base 14) in base 4?
1111032
-3271 (base 8) to base 7
-5006
What is 5613 (base 7) in base 8?
3743
Convert -22322 (base 4) to base 12.
-4a2
What is 23212 (base 4) in base 13?
451
What is b7a (base 14) in base 8?
4330
Convert 102233 (base 5) to base 4.
311303
13203 (base 4) to base 7
1260
-4278 (base 14) to base 2
-10110011010010
-30386 (base 9) to base 10
-20004
What is -29c (base 16) in base 8?
-1234
Convert -203 (base 13) to base 6.
-1325
Convert 285 (base 13) to base 16.
1bf
Convert -146 (base 14) to base 13.
-16b
-13130 (base 11) to base 9
-27685
27599 (base 11) to base 3
1222221000
What is -4671 (base 15) in base 13?
-6a66
Convert 641 (base 7) to base 8.
503
What is -1b585 (base 12) in base 2?
-1001111001110101
Convert 3a5 (base 14) to base 4.
23131
Convert 112112 (base 3) to base 13.
242
-595 (base 11) to base 5
-10314
What is -2436 (base 7) in base 12?
-639
What is 11133 (base 4) in base 12?
253
What is -3262 (base 15) in base 10?
-10667
Convert 46 (base 7) to base 15.
24
Convert -10103 (base 11) to base 13.
-694a
Convert -56251 (base 8) to base 16.
-5ca9
What is 44 (base 16) in base 3?
2112
Convert 724 (base 9) to base 3.
210211
Convert 691 (base 16) to base 6.
11441
Convert -322543 (base 6) to base 15.
-7d09
Convert -7f5 (base 16) to base 9.
-2713
-23334 (base 6) to base 15
-eea
What is -12101102 (base 3) in base 14?
-1606
527 (base 10) to base 7
1352
What is -535 (base 12) in base 16?
-2f9
Convert 4513 (base 11) to base 3.
22011010
-1001010111 (base 2) to base 12
-41b
Convert 36 (base 14) to base 12.
40
-7927 (base 11) to base 13
-4999
Convert 9a (base 15) to base 13.
b2
What is -610 (base 12) in base 5?
-12001
What is 16196 (base 10) in base 11?
11194
685 (base 10) to base 7
1666
Convert 3c5c (base 13) to base 9.
12832
What is 3873 (base 11) in base 6?
35201
What is 2c (base 15) in base 5?
132
Convert -122230 (base 4) to base 10.
-1708
cd (base 16) to base 12
151
What is -5498 (base 10) in base 15?
-1968
Convert -228 (base 12) to base 2.
-101000000
41a0 (base 11) to base 12
326b
What is -56 (base 9) in base 12?
-43
Convert 23102 (base 7) to base 10.
5882
-463 (base 16) to base 6
-5111
-4611 (base 7) to base 5
-23144
-1b83 (base 15) to base 16
-1755
-10111101011 (base 2) to base 8
-2753
Convert -15bc1 (base 16) to base 7.
-520356
Convert -1022120011 (base 3) to base 14.
-963a
What is 2734 (base 9) in base 7?
5665
Convert -203544 (base 6) to base 16.
-4018
5622 (base 9) to base 13
1b74
-100052 (base 6) to base 8
-17200
What is 1765 (base 10) in base 14?
901
38688 (base 9) to base 16
65e1
What is -2474 (base 16) in base 6?
-111112
What is -210010 (base 3) in base 11?
-479
Convert 30122 (base 7) to base 3.
100222012
Convert 3013 (base 8) to base 9.
2108
-12110200 (base 3) to base 5
-111422
What is -33746 (base 8) in base 16?
-37e6
What is -12203020 (base 4) in base 9?
-40714
What is 862 (base 10) in base 4?
31132
-41067 (base 8) to base 4
-10020313
What is -1121534 (base 6) in base 11?
-3a180
76473 (base 10) to base 2
10010101010111001
What is 12010202 (base 3) in base 13?
1922
3210 (base 4) to base 16
e4
Convert 820 (base 14) to base 2.
11000111100
What is -642 (base 9) in base 12?
-378
Convert 2001000222 (base 3) to base 14.
1089b
12ee (base 15) to base 13
1ac6
Convert e6c0 (base 16) to base 6.
1133252
Convert -66a9 (base 11) to base 10.
-8831
What is -797 (base 13) in base 8?
-2433
What is 533 (base 7) in base 16?
10d
What is 201002122 (base 3) in base 15?
41d2
52464 (base 7) to base 5
403213
What is -31663 (base 11) in base 4?
-23033201
-12184 (base 9) to base 16
-1ff0
Convert -793 (base 12) to base 6.
-5103
What is -23667 (base 8) in base 16?
-27b7
What is 339 (base 10) in base 8?
523
What is -838 (base 13) in base 14?
-71d
Convert -1002011 (base 3) to base 2.
-1100010011
Convert -30422 (base 6) to base 15.
-12eb
-3249 (base 16) to base 8
-31111
Convert -477 (base 11) to base 7.
-1441
Convert 84 (base 16) to base 2.
10000100
Convert -1212022 (base 3) to base 4.
-111032
550 (base 10) to base 4
20212
What is 233434 (base 5) in base 16?
21ab
What is 11221111 (base 4) in base 6?
255021
-c8a (base 15) to base 4
-230032
What is 6561 (base 16) in base 9?
38536
-42154 (base 12) to base 5
-10232413
Convert 51661 (base 7) to base 6.
134421
Convert 10315 (base 7) to base 5.
40220
1312 (base 6) to base 12
238
What is 2001100 (base 3) in base 14?
78a
What is -1000100011 (base 2) in base 11?
-458
Convert 16a6 (base 12) to base 15.
c13
-6572 (base 10) to base 15
-1e32
Convert -390c (base 13) to base 2.
-1111110111100
a43 (base 15) to base 5
33223
Convert 3143 (base 7) to base 12.
785
What is 605 (base 15) in base 6?
10135
What is 8290 (base 11) in base 14?
400d
Convert -134404 (base 5) to base 9.
-7616
-10222221 (base 3) to base 11
-220a
Convert 2773 (base 9) to base 7.
6045
What is 3b4 (base 12) in base 6?
2344
What is 1211 (base 7) in base 15?
1ee
Convert 3014 (base 8) to base 4.
120030
What is 1103 (base 10) in base 4?
101033
Convert 211233 (base 4) to base 2.
100101101111
Convert 400 (base 7) to base 14.
100
Convert -1111001111101111 (base 2) to base 9.
-104585
10011000000 (base 2) to base 10
1216
Convert 2222 (base 6) to base 5.
4033
Convert 17a (base 12) to base 5.
1423
What is 926 (base 10) in base 9?
1238
Convert -510 (base 8) to base 4.
-11020
Convert -44 (base 6) to base 8.
-34
-12053 (base 7) to base 6
-22245
22414 (base 10) to base 14
8250
Convert 1536 (base 9) to base 5.
14132
What is -413300 (base 5) in base 9?
-20553
What is -30304 (base 5) in base 15?
-8a4
What is -23033 (base 5) in base 3?
-2020212
18eb (base 15) to base 3
21101212
5623 (base 8) to base 7
11432
Convert 200120002 (base 3) to base 6.
142345
What is -21212 (base 3) in base 2?
-11010100
What is -1215 (base 11) in base 2?
-11000110101
605 (base 15) to base 9
1765
What is -186 (base 12) in base 13?
-15c
What is 7131 (base 8) in base 5?
104143
41c (base 14) to base 16
32a
What is 8b1 (base 12) in base 4?
110011
What is -122f (base 16) in base 10?
-4655
23356 (base 10) to base 11
16603
Convert 1391 (base 11) to base 15.
7e9
32313 (base 4) to base 5
12301
Convert -6914 (base 10) to base 11.
-5216
What is 979 (base 15) in base 2?
100001011011
Convert -112121 (base 4) to base 2.
-10110011001
149f (base 16) to base 3
21020112
290 (base 15) to base 6
2413
Convert 61d (base 16) to base 6.
11125
What is 12233 (base 4) in base 5?
3211
Convert 10202 (base 4) to base 7.
563
What is 37b (base 13) in base 15?
2a9
Convert -2117 (base 15) to base 8.
-15525
What is 289 (base 10) in base 6?
1201
What is 9516 (base 12) in base 15?
4c60
What is 41053 (base 6) in base 13?
261c
What is 799 (base 10) in base 3?
1002121
What is 110022221 (base 3) in base 2?
10001100011101
What is -40d4 (base 16) in base 10?
-16596
Convert -513 (base 10) to base 15.
-243
Convert 86571 (base 9) to base 7.
326101
Convert 204 (base 13) to base 9.
420
What